t and 330.
30
Let j = -9 + 51. Suppose -5*m + 62 + 70 = -4*x, 4*m - 5*x - 102 = 0. What is the greatest common divisor of j and m?
14
Let z = 503 - 356. Suppose 4*n + q + q - 56 = 0, 5*n = -q + 73. Suppose 6*l = -n + z. Calculate the highest common divisor of l and 55.
11
Suppose -3*d = -2*x + 2*d + 869, 4*x = -d + 1749. What is the greatest common factor of 19 and x?
19
Let z = -496 - -556. Calculate the greatest common factor of 30 and z.
30
Let r(h) = -h**3 - 7*h**2 - 8*h + 6. Let y be r(-6). Suppose 2*g + 0*q + 5*q - 85 = 0, 0 = -2*g - 2*q + 70. What is the highest common factor of y and g?
6
Suppose -448*h + 615 = -447*h. Calculate the greatest common factor of 15 and h.
15
Let o(m) = 63*m - 5. Suppose 4*a - 34 = 5*t - 1, 13 = 4*a - t. Let d be o(a). What is the greatest common factor of d and 11?
11
Let t = -35 + 40. Let q = 29 + t. What is the greatest common divisor of 17 and q?
17
Let x = 195 + -181. Suppose 4*u = 4 + 24. Calculate the greatest common divisor of x and u.
7
Let y be ((-123)/(-6))/(6/12). Let f = y - 6. Calculate the greatest common factor of f and 35.
35
Let b be 16*1/(-4)*-3. What is the greatest common divisor of b and 75?
3
Suppose -d + 1 = -2. Let f(x) = -3 - 6*x**2 + 0*x - 2*x + 10*x**2. Let n be f(d). Calculate the greatest common factor of 3 and n.
3
Suppose d - 76 = -3*d. Suppose -4*i + 79 = d. Let a be (-5)/(-1)*12*(-5)/(-20). Calculate the greatest common divisor of a and i.
15
Let i = -279 + 241. Let x be (-242)/5 - (-4)/10. Let z = i - x. What is the greatest common factor of z and 10?
10
Let i(q) = -17*q + 3 - 8*q**3 - 3*q + 7*q**3 + 15*q**2. Let v be i(13). Calculate the highest common factor of v and 54.
27
Let s(v) = 25*v - 3. Let p be s(2). Suppose -4*m + p = t, t + 2*m + 71 = 2*t. What is the highest common divisor of t and 42?
21
Let f be 0 - (1 - (1 - -9)). Let h be 9 - 3/6*(-124 + -2). Calculate the highest common divisor of h and f.
9
Suppose k + 4*y + 0*y - 51 = 0, -4 = 4*y. Let f = 162 + k. Suppose 0 = w - 5*p - f, -7 = 2*p + 3. Calculate the highest common divisor of w and 24.
24
Let a be (0 - -7)*13 - -1. Let h = -427 - -450. What is the highest common factor of h and a?
23
Suppose 5*c = -4*n + 117, -5*n + 65 = 2*c - 94. Let l = -7 + n. Suppose 6*o - 325 - 299 = 0. Calculate the highest common divisor of o and l.
26
Let v be (-4128)/80 - (-2)/(-5). Let u be (-3282)/(-39) - (-8)/v. What is the highest common divisor of u and 21?
21
Let m(o) = -o**3 + 15*o**2 + 21*o - 52. Let t be m(16). What is the greatest common divisor of 70 and t?
14
Let y = -382 + 18. Let o be 0 + y/(-20) - 1/5. What is the highest common factor of o and 36?
18
Let w = 154 - -79. Let v = w + -57. Let c be -5*80/50*(-2)/1. What is the highest common divisor of v and c?
16
Let m be (-243)/(-6)*250/15. What is the highest common divisor of 15 and m?
15
Let v(g) = g**2 - g + 2. Let i(m) = -4*m + 20. Let f be i(6). Let d be v(f). Calculate the highest common divisor of d and 11.
11
Let v be 4*(3*1/12 + 0). What is the greatest common divisor of 3 and v?
1
Let a(j) = 2*j - 2. Let d be a(4). Let g be (-4)/(-36)*d*24. Calculate the highest common factor of g and 144.
16
Let t = 94 - 89. Calculate the highest common factor of 65 and t.
5
Let l be ((-4216)/(-12))/(32/48). What is the greatest common factor of 31 and l?
31
Let d = -320 - -538. Suppose 4*z - 22 - d = 0. What is the highest common factor of z and 40?
20
Suppose -14*m + 1200 = -9*m. What is the highest common divisor of m and 90?
30
Suppose -3*x + 37 + 11 = 0. Let o = 18 - -22. What is the greatest common factor of o and x?
8
Let i(z) = -5*z + 10. Let r be i(6). Let d be (r + 2)*4/(-3). What is the highest common divisor of 8 and d?
8
Let c = 61 - -87. What is the highest common divisor of c and 111?
37
Let v = 8 - 17. Let u(t) = t**2 + 6*t - 22. Let m be u(v). What is the highest common factor of m and 20?
5
Let t be (0 + -3 + (-200)/(-24))*3. Calculate the greatest common divisor of t and 200.
8
Let g be (-726)/(-3) + 60/(-15). Calculate the highest common factor of g and 34.
34
Let r(k) = 3*k + 3. Let u be r(2). Let b = -18 + 112. Suppose -4*f + 50 + b = 0. What is the greatest common factor of f and u?
9
Suppose 2*g = 18*h - 14*h + 52, g - 30 = 4*h. Suppose -3*b = -77 - 22. What is the highest common divisor of b and g?
11
Suppose i - 3*c - 10 = 0, 2*i + 4*c = 11 + 29. Calculate the highest common factor of i and 1.
1
Let v(w) = -w**2 + 9*w + 120. Let f be v(-7). What is the highest common factor of f and 18?
2
Let d be (-7)/91 + (-1647)/(-117). Calculate the highest common divisor of d and 1792.
14
Let a = 435 - 420. What is the greatest common divisor of a and 75?
15
Suppose 201 - 45 = 3*l. Suppose -2*y - 6 = -l. Suppose -20 = -t + 72. Calculate the greatest common divisor of y and t.
23
Let l(i) = i**3 - 4*i**2 + 35*i - 4. Let c be l(8). What is the highest common divisor of c and 38?
38
Suppose 2*h - v + 8 = 0, -h + 7 + 3 = 3*v. Let w be h/(-8) + (-1846)/(-104). What is the greatest common factor of 54 and w?
18
Let h(o) = 2*o**2 + 4. Let j be h(2). Suppose 5*v - j = -2. Calculate the greatest common divisor of 3 and v.
1
Suppose -35*p - 4*u + 594 = -33*p, 5*p = -5*u + 1485. Calculate the highest common divisor of p and 561.
33
Suppose -4*t = -3*t - 91. Let f = t - -316. Let p be 453/12 - 3/4. Calculate the highest common factor of p and f.
37
Let j(a) = -2*a - 13. Let z be j(-10). Calculate the highest common factor of z and 469.
7
Let p(m) = -2*m - 1 + 6 + 4 - 5 + m**2 + m**3. Let s be p(0). Let g be 88/s*1 + -2. Calculate the highest common factor of g and 20.
20
Suppose 1175 - 1119 = 7*x. Let m(v) = -11*v - 4. Let g be m(-4). What is the highest common factor of g and x?
8
Let w = 119 - 89. What is the greatest common divisor of 165 and w?
15
Let t(a) = -a**2 + 11*a - 8. Let z(d) = d**3 + 3*d**2 - 5*d + 4. Let s be z(-4). Let l be t(s). Calculate the greatest common divisor of l and 2.
2
Suppose 5*v + 7*i - 3*i - 735 = 0, 441 = 3*v + 4*i. Suppose 0 = -8*n - 45 + 213. Calculate the greatest common factor of n and v.
21
Let a(c) = -c**3 + 11*c**2 - 9*c + 11. Let l be a(10). Let b(d) = 105*d**2 - d - 1. Let x be b(-1). What is the greatest common divisor of l and x?
21
Let q(f) = 2*f**2 - 23*f + 60. Let m be q(9). Calculate the greatest common divisor of 1965 and m.
15
Let m be (-4)/10*2*10/4. Let g(u) = u**2 + u + 1. Let p be g(m). Calculate the greatest common factor of p and 9.
3
Let r be 11/11*-1*(-3 + 2). Suppose -i = -5*x + 29, 0 = -0*x - x + 5*i + r. What is the greatest common divisor of 66 and x?
6
Let a = -64 + 104. Let z be a*(-3 + 58/10). Suppose -43 = -4*t + 13. What is the highest common divisor of t and z?
14
Let r = 5 - 3. Let a be 26/104 + 83/4. Suppose a = r*b + 7. What is the greatest common divisor of b and 63?
7
Suppose 0 = 290*b - 284*b - 30. What is the highest common divisor of b and 35?
5
Let d = 144 - 95. Suppose 0 = -3*h + 4*h + 2*g + 1, g - d = 4*h. Let o = 3 - h. What is the greatest common divisor of 112 and o?
14
Let g(c) = 2*c + 139. Let x be g(-14). Calculate the greatest common factor of x and 1443.
111
Let p(g) = -g**2 + 17*g - 52. Let l be p(5). What is the greatest common factor of l and 584?
8
Suppose 0 = -4*b - j + 64, -j + 5*j + 29 = 3*b. Let w(h) = -h**3 + 5*h**2 - 1. Let q be w(1). What is the greatest common divisor of q and b?
3
Let u = 310 + -67. Calculate the highest common divisor of u and 45.
9
Suppose 2*k - 2 = 58. Let i(a) = -4*a**2 + a**3 + 3 - 5 - 5*a - 2*a**2. Let p be i(7). Calculate the highest common divisor of p and k.
6
Let o be (-128)/20 - (-4)/10. Let g(q) = -q**2 - 5*q + 15. Let v be g(o). Calculate the highest common factor of 3 and v.
3
Let c(f) = -f**3 + 11*f**2 + 18*f - 15. Let y be c(12). Let j be (-1)/(-6) - (-6356)/168. What is the greatest common divisor of j and y?
19
Let c be 9 + 4 + 18 + -4. Suppose 5*v - 2*g = -26, 4*g + 9 - 1 = 0. Let s be 1784/6 - (-2)/v. Calculate the highest common factor of c and s.
27
Suppose -88*h - 96 = -92*h. Let u be (0/3 - 1)*-24. Calculate the highest common factor of u and h.
24
Suppose 30 = p - 3*h, 2*p = -h - 2 + 41. Suppose 3*r = 5*z + 58, 2*z + 17 = 2*r - 23. Calculate the highest common divisor of p and r.
21
Let j = -30 - -55. Calculate the greatest